 be ((-4)/(-3))/((-2)/3). Is h(d) composite?
True
Is 119716/6 - (-2 - (-10)/((-330)/(-121))) composite?
True
Suppose -2*u + 8149 + 4193 = 0. Suppose 18497 = 3*s - 4*z, -2*z = -s - 6*z + u. Is s a composite number?
True
Let o = -9760 - -2891. Let x = 10656 + o. Is x a prime number?
False
Is (27428/6)/(962/(-42) - -23) a prime number?
False
Suppose y + y = 0. Let g be y - (6/8)/((-6)/(-24)). Is 80 + g/(-3 - -4) composite?
True
Let z(u) = 548*u**2 + 19. Let p(g) = -274*g**2 - 9. Let i(s) = -13*p(s) - 6*z(s). Let k = -192 + 190. Is i(k) a composite number?
True
Suppose -41*r = -35*r - 30. Suppose -r*j + 75 = 4*p - 569, 3*p - 3*j - 483 = 0. Is p a prime number?
False
Let p(f) = -644*f + 467. Is p(-4) a composite number?
True
Is (-63774)/(-2) - (176 - 172) prime?
True
Let c = -52 - -51. Let f(d) = -3390*d**3 - 3*d**2 - 4*d - 2. Is f(c) composite?
False
Suppose -2*h - 3272784 = -2*c, 0 = -4*c - 3*h + 6058563 + 486956. Is c prime?
False
Let y = 32092 + 1217. Suppose 15*p - 91284 + y = 0. Is p a prime number?
False
Let y(c) = -6 - 613*c + 5 - 231*c. Is y(-3) a composite number?
False
Suppose -9*s - 6*a + 438189 = -6*s, -4*s = -3*a - 584197. Is s a prime number?
False
Let i(a) = 97*a**2 - 15*a + 5. Let o be i(5). Let r = o - 1020. Suppose -2*j - j = -r. Is j prime?
False
Let q(n) = -11*n - 1 - 3 + 8*n - 5*n**2 - 2. Let r be q(-8). Let g = -43 - r. Is g a prime number?
False
Let x be (-2)/(3*(-8)/60). Suppose -x*p - 5*c + 20 = 0, 10*c - 8 = -2*p + 5*c. Is p/(-6) - (-5902)/6 prime?
True
Let h(m) = -811*m + 264. Let a be h(-9). Let j = -3718 + a. Is j a composite number?
True
Let j(c) = 222*c**2 - 101*c + 2029. Is j(18) a composite number?
False
Let z = -374532 - -1135481. Is z composite?
True
Let a be 50/(-2)*(-364)/(-10). Let k(f) = -495*f**2 + 81*f + 81. Let b be k(-1). Let u = b - a. Is u prime?
False
Let h be (10/(-6) + 2)*2100/20. Suppose 11*q + 124584 = h*q. Is q prime?
False
Let m(x) = x + 2. Let z(t) = 86*t - 3. Let y(g) = -m(g) - z(g). Let o be y(-11). Suppose 7686 = 4*u - o. Is u a prime number?
True
Let o be 2*21*(-1)/6. Is o - (6 - 7)*2378 a prime number?
True
Is 6 + -4 + (6 - -22254) composite?
True
Suppose 97*p - 51679508 = -55*p + 128971124. Is p composite?
False
Let j = -14711 - -38652. Is j a composite number?
True
Suppose 25*p = 17*p + 16. Suppose -2*z = -p*d + 3142 + 800, 5*d = -2*z + 9827. Is d a composite number?
True
Suppose -4*i = 3*z - 34664, -2*i + 25806 = -z + 8484. Is i a composite number?
False
Let n(h) be the first derivative of h**2/2 + 4*h - 6. Let u be n(-2). Suppose 0 = u*f + 3*f - 2335. Is f prime?
True
Let i(m) = 54*m**3 - 2*m**2 - 11*m + 1. Let k be i(4). Suppose -11*p = -8*p - k. Suppose -2*d + 1459 = -p. Is d a composite number?
True
Is 57799004/186*((-12)/(-14))/(32/56) prime?
True
Suppose -5*j + 25 = 3*b - 0*b, 5*b - 33 = -4*j. Suppose -3*w + 5*v + 62339 = 0, -w - 5*v = -b*w + 83122. Is w a composite number?
True
Suppose 63*o = 50*o + 51103. Let v = o + -1196. Is v a composite number?
True
Is 3*(10 + 1649140/60) prime?
True
Suppose -149*b + 49942274 = -90*b + 159*b. Is b prime?
True
Suppose -4353131 = -3*o + 1882*p - 1886*p, -5*p = 3*o - 4353139. Is o prime?
False
Is 21645 + (-6 - -8) + 0 prime?
True
Let x(q) be the third derivative of 25*q**4/6 - 63*q**3/2 + 99*q**2. Is x(43) composite?
False
Suppose -2*o - x + 227 = -751, -4*x = 4*o - 1948. Let c = -12 + o. Is c composite?
False
Let p = -82 + 77. Let q be 1/(3/(-31620)*p). Suppose 3*o + 2809 = 4*j + 2*o, 3*j - o = q. Is j a prime number?
True
Let j be (-14)/(-5) + 112/(-40) + 3. Suppose w + 419 = -j*s - 487, 5*s + 5*w = -1510. Let k = s - -2635. Is k a composite number?
False
Let u = -80 - -84. Suppose -4*m - 3*i + 2*i = -8, u*i + 16 = 0. Is 29632/20 - (12/(-5) + m) composite?
False
Let w(a) = 1325*a**2 - 35*a + 167. Is w(-15) prime?
True
Let o = -35803 + 217916. Is o composite?
True
Let w = 137860 - 73283. Is w prime?
True
Let k(d) = d**2 + 5*d + 13541. Let y be k(0). Suppose n = -2*p + y, -3*n = -3*p - 2726 + 23060. Is p prime?
False
Suppose 15*d = -4*b + 20*d + 255014, -5*b - 5*d = -318835. Is b a composite number?
False
Let x(a) = -29*a + 12 + 5 + 36 - 12. Is x(-4) prime?
True
Let r be 8*(-25)/(-20)*(-6)/15. Let t(q) = -28*q + 177. Is t(r) composite?
True
Suppose -917679 = -p - 16*i, -4588005 = -5*p - 17*i + 15*i. Is p a prime number?
False
Suppose 630023 = 21*i - 273544. Is i composite?
True
Let m(t) be the third derivative of -t**7/80 + t**6/720 + t**5/6 - 14*t**2. Let n(h) be the third derivative of m(h). Is n(-6) a composite number?
False
Let x(r) = 14*r**3 + 22*r - 14. Let p be x(7). Let t = 9993 - p. Is t a composite number?
False
Suppose -862607 - 379753 = -96*y + 902184. Is y a composite number?
True
Let s(r) = 21233*r + 2373. Is s(2) prime?
True
Let d(h) = 376*h**2 - 64*h + 1199. Is d(14) prime?
True
Let m be 4/6*-6 - 8*1. Is 482 - (m/(-2) + -3) prime?
True
Let l = 58468 - -39570. Is l prime?
False
Let f = -3153 - -7798. Suppose 17*m = 22*m - f. Suppose -7*x + m = -618. Is x a composite number?
True
Let b(p) = -266*p**3 + 9*p**2 + 43*p + 35. Is b(-9) a composite number?
True
Suppose 12886937 = 587*y - 186*y. Is y a prime number?
False
Let a = 10684 - 6063. Suppose a = -7*t + 11684. Is t a prime number?
True
Is 5/2*(-26684280)/(-900) a prime number?
False
Is ((-113)/(-3))/((-1)/(-9)*3) composite?
False
Suppose -4*n = -5*p - 384034, -5*n - 191972 = -7*n - 5*p. Is n a composite number?
False
Suppose 3 = -12*m + 9*m. Let p be m/(-5)*1 - (-2928)/(-15). Let k = p - -290. Is k a composite number?
True
Let k be ((-135)/20)/(3/(-16)). Suppose -2*n - 4*c = c - k, -3*n = c - 28. Is ((-4157)/4 + 1)/((-2)/n) composite?
False
Let z be (-18)/(-12) + (-117)/6. Is 12805 + (-6)/18*z composite?
True
Let x(d) = d**2 - d - 2. Let z be x(-1). Let p be (z - 12659)/(2 - 3). Suppose 0 = 7*b - p + 2432. Is b composite?
True
Suppose 2*m - 4*y - 620 - 1210 = 0, 4*m - 5*y = 3660. Let w = m + 78. Is w composite?
True
Let q = 17630 + -8169. Let k = q + -4866. Is k a prime number?
False
Let b(s) = 7*s**3 - 2*s**2 + 3. Let k = -42 - -34. Let h(t) = -t - 4. Let p be h(k). Is b(p) prime?
True
Suppose 0 = -32*d + 7121161 + 1197975. Is d composite?
True
Let l = -164 - -158. Is l - -12 - (3 + -1316) prime?
True
Is (-708)/(-60) + -12 - (3086806/(-5) + 2) composite?
False
Suppose -170*q + 10793680 - 1858771 = -2167961. Is q a prime number?
False
Let d be (361 - -1)*105/6. Suppose 6*g - 11*g + 5*q = -15800, 2*g = -3*q + d. Is g a prime number?
True
Let u(d) = d**3 - 8*d**2 + 7*d - 2. Let x be u(7). Let g be 2*x*4/16*-254. Let v = g + -177. Is v a composite number?
True
Let w(u) be the third derivative of 419/6*u**3 - 7*u**2 - 1/12*u**4 - 1/60*u**5 + 0*u + 0. Is w(0) prime?
True
Let y(r) = 9*r**2 - 6*r - 11. Let d(l) = l**3 + 2*l**2 - l - 2. Let z(w) = w**3 + 11*w**2 + 10*w - 3. Let g be z(-10). Let p be d(g). Is y(p) prime?
True
Let t = 179519 - -1093230. Is t composite?
False
Let d(p) be the third derivative of -p**4/3 + 20*p**3/3 - 18*p**2. Let o be d(-6). Suppose -83*t + o*t = 4345. Is t prime?
False
Let w be (-1)/3 + (-91)/(-21). Suppose -112 = -f - 5*x, 2*f - w*x - 393 = -f. Suppose p - h = -0*p + f, -5*h = -20. Is p composite?
False
Suppose 0 = 3*k - 2*p - 7, 2*k + 3*p - 7 - 2 = 0. Suppose 2*d - 10 = -k*d. Is 43868/28 - d*3/(-21) a composite number?
False
Suppose -w - 4 = 0, -3*h - 170177 = -6*h + 2*w. Is h prime?
False
Let w = 979 - 618. Suppose -369*m + 27592 = -w*m. Is m prime?
True
Let z(p) = 2*p**2 + 4*p - 43. Let d = 54 - 68. Let r be z(d). Suppose -23*y + 22*y + r = 0. Is y a composite number?
False
Let w = 31 + -115. Let m = w - -86. Is m + (2 - (-4413)/1) prime?
False
Let x = 882879 + -299038. Is x composite?
False
Suppose -3*c + 5 = -c + 5*u, 0 = -3*c - u - 12. Is 80988/20 + 2/c a composite number?
False
Let i(z) = 1356 - 684 + 8761*z - 675. Is i(2) composite?
False
Suppose -2*l + 48207 = 2*l - 5*z, -5*l = 4*z - 60228. Let w = -3043 + l. Is w a composite number?
True
Suppose -5*o - 4*w = -30478, 2*o + 4*w - 6086 = o. Suppose -o = -5*r + 707. Is r composite?
False
Let b be 2/4 - 12150/(-108). Is b*(2 + 29 - (-4)/(-2)) a composite number?
True
Let j(l) = -86*l**3 - 20*l**2 + 25*l - 118. Is j(-11) a composite number?
False
Is 14*(-810212)/(-26)*(-1)/(-4) prime?
False
Let t 